 of w?
5
Suppose -5*o = 2*b - 4*o - 39, -4*o + 102 = 5*b. Suppose -5*k + b = 3. What is the units digit of (-10)/(-1) + k/(-1)?
7
Suppose b + 14 = 4*t, -b + 3*t = b + 13. Suppose -16*a + 56 = -12*a. What is the tens digit of ((a - -2) + b)*2?
2
Suppose -5*i - 3093 = 8*q - 10*q, -q - 4*i = -1514. What is the tens digit of q?
3
Let l(a) be the third derivative of -2*a**2 + 0 + 0*a - 7/24*a**4 - 1/60*a**5 + 1/2*a**3. What is the units digit of l(-5)?
3
Suppose 2*h = -h - 1062. What is the units digit of (h/(-8))/(6 - 93/16)?
6
Let w(v) = 9*v**2 + 267*v + 27. What is the units digit of w(-37)?
9
What is the units digit of -5 - (-27)/(243/8442)?
3
Let h(t) = -7*t**3 + 7*t**2 + 7*t + 39. What is the tens digit of h(-5)?
5
Suppose -47*p + 10262 + 53564 = 0. What is the units digit of p?
8
Let b = 163 + -75. Suppose -94 = -4*s + r + 6, -b = -4*s - 2*r. What is the units digit of s?
4
Let g be (4/2)/((-6)/6). Let o = g - -68. What is the tens digit of o?
6
Let c(k) = 5*k**2 + 15*k + 3. Let x(n) = n**2 + n + 1. Let v(o) = c(o) - 4*x(o). Let p be v(-5). Let w = 28 - p. What is the tens digit of w?
5
Let p be (218/8)/(16/64). Let u = -31 + p. Let a = u + -51. What is the units digit of a?
7
Let l be (-2 - -5)*(-6)/(-18). Let u(h) = h**2 - h + 2. Let j be u(l). Suppose -j*x = 8, 6*g - 5*x = g + 145. What is the units digit of g?
5
Let p be (10*(-44)/(-32))/(2/8). Let o = -34 + p. What is the units digit of o?
1
Let o(u) = 334*u - 150. What is the tens digit of o(3)?
5
Let m(j) = j**3 - 5*j**2 + j + 5. Let k be m(0). Suppose 5*x = -u + 52, -3*u - 2*u - 3*x = -150. Let g = u + k. What is the units digit of g?
2
Suppose 3*o + 5*s + 6 + 3 = 0, -4*s - 18 = -3*o. Let n be (-5)/20 - o/(-8). Suppose -2*g + 8 = -n*g + m, 3*g - 2*m - 26 = 0. What is the units digit of g?
6
Let l(u) = 223*u**2 - 26*u + 100. What is the thousands digit of l(3)?
2
Let p = 3547 - 2394. What is the hundreds digit of p?
1
Let j = -186 - -279. Let p = j - -23. What is the units digit of p?
6
Let v(p) = p**2 - 6*p + 2. Let w be v(6). Suppose -4*l = -10 - w. What is the units digit of l?
3
Suppose -t - 580 = -3*t. What is the tens digit of t?
9
What is the hundreds digit of (-593550)/(-400) + (-2)/(-16) + 1?
4
Let g be (-2*(-2)/8)/(7/28). Suppose -144 - 162 = -g*n. What is the hundreds digit of n?
1
Let d(x) = -2*x**2 + 3*x + 21. Let o be d(-9). Let n = o - -322. What is the units digit of n?
4
Let h = 43 + -7. What is the tens digit of h?
3
Let r(m) = -4*m - 5. Let a be r(-7). Suppose -3*k - 15 - 21 = 0. Let f = a + k. What is the tens digit of f?
1
Let w(x) = 27*x + 60. What is the tens digit of w(9)?
0
Let z(r) be the first derivative of -r**3/3 + 17*r**2/2 - 8. Let j be z(15). Suppose -4*q + j = -q. What is the tens digit of q?
1
Let a = -103 - -66. Let h = 10 - a. What is the units digit of h?
7
Let j(z) = 2*z**2 - 36*z - 179. What is the tens digit of j(-23)?
0
Suppose -32*m = 39*m - 111967. What is the tens digit of m?
7
Suppose 6*w - 20 = 11*w, u - 4*w = 3068. What is the hundreds digit of u?
0
Let t = 888 + -854. What is the tens digit of t?
3
Let b = -14 + -11. What is the tens digit of (396 + -2)*(3 + b/10)?
9
Let g be 13/(-13) + 7*21. Suppose -25 + g = q. Suppose -4*p - 19 = 3*c - 131, -5*p + q = -c. What is the tens digit of p?
2
What is the hundreds digit of 525/30*1818/15?
1
Let s be (-217)/(-42) + (-2)/12. Suppose 0 = -3*n + 2*v + 23, -4*n + 2*v = -18 - 10. Suppose 3*w - s*f = 79, -w - w + n*f = -51. What is the tens digit of w?
2
Suppose -6*g = -2*g - 92. Let c = 40 - g. What is the tens digit of c?
1
Let h = -537 + 2130. What is the thousands digit of h?
1
Suppose 1 = 2*f + 7. Suppose -6*k = -8*k + 36. What is the tens digit of (k + f)*(1 + 0)?
1
Let i = -16 - -28. Suppose -l + 3*l = i. Suppose 2*k + 4 + l = 0, k + 125 = 5*z. What is the units digit of z?
4
Let z(r) = 448*r + 2. Let s be z(1). Suppose 0 = 32*u - 29*u - s. What is the hundreds digit of u?
1
Let h(j) = -j**3 + 8*j**2 + 11*j - 16. Let y be h(9). What is the tens digit of (1/y)/((-7)/(-14)) - -185?
8
Let v(a) = -19*a + 6. Let x be v(-3). Suppose x - 327 = -2*r. What is the units digit of r?
2
Suppose 3*j + 3*t = 1680, 2201 = 5*j + 3*t - 589. What is the units digit of j?
5
Let f = 78 - 90. What is the units digit of ((-44)/f)/((-3)/(-72)*2)?
4
Let i be 79 - (0 - -2 - 4). What is the units digit of (-4)/18 - (-1071)/i?
3
Suppose -51 = -2*o - 19. Suppose -4*g + o = -4*z, 0 = 2*z + 2 - 0. What is the units digit of g?
3
Suppose 4*p + 5*z = 1996, -4*z = -2*p + 709 + 263. What is the units digit of p?
4
Let s = 5110 - 3557. Suppose 9*p - s = 571. What is the units digit of p?
6
Let u = 5830 + -2076. What is the hundreds digit of u?
7
Suppose -7420 = -19*o + 5*o. What is the units digit of o?
0
What is the units digit of (-858)/4*21/(378/(-60))?
5
Suppose -724 = -5*h + 4*m, 4*m + 580 = 4*h + m. What is the units digit of h?
8
Let i be (-2)/6*(-68 - -5). Suppose -3*v - i = -2*s, -31 = -2*s - 0*v + 5*v. Suppose -s*b + 82 = b - 2*u, -3*u = 2*b - 37. What is the tens digit of b?
2
Let n(s) = -15*s**3 + 2*s + 2. Let u(q) = -q - 1. Let p(y) = n(y) - 2*u(y). What is the tens digit of p(-2)?
1
Suppose -5*l - 15 = -5*v, 3*l - 3 = -0*l. Suppose y - 5*r = 5*y - 381, -3*y = v*r - 287. What is the tens digit of y?
8
Let b = -228 - -231. Let i be 2/(-6) + (-1)/(-3). Suppose 5*n = b*s - i*s - 34, 3*n = 3. What is the tens digit of s?
1
Let m(u) = -48*u**3 + u**2 + 3*u + 2. Let d be 2 - 6/8*4. What is the tens digit of m(d)?
4
Let g(m) = 11*m**2 + 2*m - 1. Let y be g(1). Let w be 2/(-5) - y/(-5). Suppose -a - w = -3*a. What is the units digit of a?
1
Suppose 23 = i + m, 5*i = -0*i + 5*m + 125. What is the tens digit of (-296)/(-6) + 16/i?
5
Let p(x) = -4*x + 1. Let d be p(-1). Suppose -u + d*u = 24. Suppose 150 = u*y - y. What is the tens digit of y?
3
Let l be (-1 + -23)*(-12)/8. Suppose -n + 13 = 5*z, 5*z - 4*n + 0 + 2 = 0. Suppose 2*f - l = -z*t, 4*t - 2*f = -0*f + 84. What is the tens digit of t?
2
Suppose -3*c + 4 + 20 = 2*u, -2*u = 5*c - 36. Suppose -4*x = 0, -4*x + c = -y - 6*x. Let l(k) = k**3 + 6*k**2 - 5*k - 2. What is the tens digit of l(y)?
2
Suppose -3*g + 5*g - 72 = 0. Let h = g - 32. What is the units digit of h?
4
Let w be ((1197/(-28))/(-9))/(1/(-4)). Let f = w - -118. What is the units digit of f?
9
Let s be (-3450)/27 + (-3)/((-54)/(-4)). Let v = 48 - s. What is the hundreds digit of v?
1
Suppose -7 = 3*o + 4*o. Let c = 220 + o. What is the units digit of c?
9
Suppose 12*n - 10*n - 2 = 0. Let l(s) = -17*s**3 + 9*s**3 - n + 9*s**3 + s**2. What is the units digit of l(2)?
1
Suppose 20 = -0*z + 5*z. Let s(w) = w**2 + 6*w - 31. Let g be s(-13). Suppose 0 = -z*o + 5*m - g + 219, 2*o - 107 = -3*m. What is the tens digit of o?
4
Suppose -4 = r - 3*r. Let i(c) = 15*c**3 + 4*c**2 - 3*c. What is the units digit of i(r)?
0
Let p(q) = 0*q + 8*q + 1 - 2*q - 4 - q**2. Let h be p(4). Suppose -h*u + 9*u = 72. What is the units digit of u?
8
Let q(n) = -2*n - 2. Let i be q(-2). Let j(b) = b - 3*b + 0*b**i - 2*b**2 + 3*b**2. What is the tens digit of j(6)?
2
What is the hundreds digit of (-8)/28 - (-8763)/21?
4
Let j be (-5965)/10*2*-1*2. Suppose 14*q - j = 1100. What is the units digit of q?
9
What is the units digit of (-4)/(-3) + (-27336)/(-18) + 6?
6
Suppose 11*h - 6284 = -762. What is the hundreds digit of h?
5
Suppose -4*f - 27 = -7*f. Suppose 0*n = 4*n - 36. What is the units digit of 219/f + 6/n?
5
Suppose -6*z = -z + 5. Let n = z - 0. What is the units digit of 37/2*(-2)/n?
7
Let i(a) = 0*a - 3*a - 380 + 382. What is the tens digit of i(-5)?
1
Suppose 3*j - j = 0. Let s be 1 - (-5 + j + 2). Suppose -39 = -2*t - s*h + h, 18 = t + 3*h. What is the tens digit of t?
2
Suppose -4*a + 185 = -175. What is the tens digit of a?
9
Suppose -q - 1054 = -c, 5*q - 3022 = -4*c + 1194. What is the thousands digit of c?
1
Let s = -12 + 13. Let v = s - 4. What is the tens digit of v - (1 - (38 - -3))?
3
What is the units digit of (-23 + 5)/3 + 304?
8
Suppose -2 = -2*r + 2. Let n be 5*(-3)/(-6)*r. Suppose 0 = 2*h - 7*o + 4*o - 13, -n*h = -o - 65. What is the units digit of h?
4
Suppose -3*d + j = -8, -2*j - 3*j + 14 = 3*d. Suppose 3 = -2*i + r - 42, -d*i - 60 = r. Let v = i + 42. What is the tens digit of v?
2
Let u = -24 + 38. What is 